o - o**3 - o + 3*o. Let a be g(-10). What is the highest common divisor of 19 and a?
19
Let i = 1 + 19. Let b = i - 11. Suppose 0 = 2*k - 6. Calculate the greatest common factor of k and b.
3
Suppose -11*u = -10*u - 18. What is the greatest common divisor of u and 72?
18
Let p be (-7)/(175/45 + -4). What is the greatest common factor of p and 9?
9
Let d be 10*2/4 + 0. Suppose -14 = -2*q + 2*s, 0 = -d*q - 0*s - 3*s + 3. What is the highest common factor of q and 24?
3
Suppose 0 = k - 3. What is the highest common factor of 2 and k?
1
Suppose 467 = 4*b - w, 0 = -w + 3*w - 2. Suppose -g + 3*k + 24 = 0, 4*g - 2*k - 3*k - b = 0. Let n = -16 + 38. What is the highest common divisor of g and n?
11
Suppose -r - 17 + 79 = 0. What is the highest common divisor of 93 and r?
31
Let h(c) = -c**3 - c**2 - c - 1. Let u be h(-3). What is the greatest common factor of 10 and u?
10
Let k(p) = 22*p**2 - p + 2. Let y be k(1). What is the greatest common factor of y and 115?
23
Suppose t = -t + 182. Suppose -16*n = -3*n - 169. Calculate the highest common divisor of t and n.
13
Suppose -2 - 4 = -3*l. Let k be 1/(l*1/(-206)). Let y = k + 173. What is the highest common divisor of 7 and y?
7
Let i be 10086/54 + 2/9. Let b be (-5 + 1)*(-4 + 2). Let v be 132/b + (-2)/(-4). What is the highest common factor of v and i?
17
Let o be 3/((-10)/(-4) + -3). Let l(h) = h**3 + 7*h**2 - 4*h - 8. Let u be l(o). Calculate the greatest common factor of u and 26.
26
Suppose 29 + 41 = 5*n. Let p = 14 - -42. Calculate the highest common factor of n and p.
14
Let x be 39*1 + 2 + -2. Suppose -k - 4*k + 20 = 0. Let o(w) = -w**3 + 6*w**2 - w - 2. Let g be o(k). What is the greatest common divisor of x and g?
13
Suppose 2 = 4*k - 18. Calculate the highest common factor of k and 55.
5
Let c(l) = l**3 - 15*l**2 + 16*l + 8. Let o be c(14). What is the highest common factor of 324 and o?
36
Let n be 84/((21/2)/7). What is the greatest common divisor of n and 16?
8
Suppose -d + 4*n + 1 = 5*n, 2*n = 4. Let f(p) = -1 + 2*p**2 + 10*p**2 + 2*p**2 + 0*p**2 - p. Let c be f(d). What is the greatest common factor of 126 and c?
14
Let r = 395 - 34. Suppose 4*l + 0*a - 473 = a, -3*l + r = -2*a. Calculate the highest common factor of l and 13.
13
Let y(w) = 6*w**2 - w + 2. Let g be y(2). Suppose 0 = -5*m - 3*f + 2*f + 118, 0 = m - 5*f - 34. Calculate the highest common divisor of g and m.
24
Let z be (-2)/(-7) - 12/(-7). Suppose -2*g = -6*g. Suppose -c = -g*c - 6. What is the greatest common factor of c and z?
2
Let a = 12 - 2. Suppose -5*n = -7*q + 2*q - a, 0 = -n - 5*q + 8. Suppose -n*p + 56 = -2*p. Calculate the highest common divisor of 8 and p.
8
Let f(c) = -c + 30. Let j be f(-7). What is the highest common divisor of 296 and j?
37
Let j be 15/35 - 62/14. Let f = j + 10. Calculate the highest common factor of f and 4.
2
Suppose -2*d - s = 2*s - 5, 12 = 2*d - 4*s. Let i = d - -3. What is the highest common divisor of i and 35?
7
Let v(c) = -c**3 - 6*c**2 + 7*c + 4. Let a be v(-7). What is the highest common divisor of 8 and a?
4
Suppose 0 = -13*x + 8*x + 555. Suppose 5*c + 112 = 4*a, -a + 6*a + c = x. What is the greatest common divisor of a and 69?
23
Let y be 5/(-10)*-4*10. What is the highest common factor of y and 10?
10
Suppose 5*l + 1 - 16 = 0. Let v be (-922)/(-6) + 1/l. Suppose -g - 3*s + 20 = 0, 5*g - 56 = -3*s + 20. What is the highest common factor of g and v?
14
Let a(y) = 2*y**2 - 15*y + 3. Let z be a(7). Suppose -2*x = -b + 4*b + 106, -4 = -4*x. Let g be (b/4)/(3/z). Calculate the highest common factor of 6 and g.
6
Suppose 0 = -v + 4*r - 7 + 1, -2*v + 4 = -4*r. Let d be ((-3)/(-2))/((-9)/(-240)). What is the highest common factor of v and d?
10
Let q(j) = j**2 + 5*j - 22. Let x be q(-8). What is the greatest common divisor of 14 and x?
2
Suppose 5*m + 4*p - 286 - 239 = 0, -p = 0. Calculate the highest common divisor of m and 60.
15
Let h = -126 + 183. Let z = h + -21. Calculate the highest common factor of 4 and z.
4
Let z be 216 + 4 + 1 - 2 - -1. Calculate the highest common factor of z and 22.
22
Suppose -5*s - 3*d = 0, -1 = -4*d + 19. Let q be s*(-10)/(2 + 0). Let c be (-6)/q - (-404)/10. What is the highest common factor of c and 8?
8
Let x = 5 + 1. Let r be (2/3)/(2/27). Calculate the highest common divisor of x and r.
3
Suppose -32*f = -28*f - 16. What is the greatest common factor of f and 16?
4
Let y = 1 - -7. Suppose 3*m - 48 = -0*w - 5*w, -3*w + 32 = m. Calculate the highest common factor of y and w.
4
Let a(t) = t + 2. Let l be a(6). Let x(c) = -c**3 + 9*c**2 - 6*c - 8. Let y be x(l). Calculate the greatest common factor of y and 88.
8
Suppose -3*d + 4*m + 60 = 0, 2*m + 9 = -m. What is the highest common divisor of 128 and d?
16
Let q = 17 + -7. Calculate the greatest common factor of 25 and q.
5
Let q = -2 + 5. Suppose 5*a + 4*v - 146 = 0, -3*a + 0*v + 87 = q*v. Calculate the greatest common divisor of 6 and a.
6
Let r = -41 + 61. What is the greatest common factor of 4 and r?
4
Let r(s) = -s**3 - s**2 - 3*s. Let w = 4 - 2. Suppose 0 = 2*t - 2*d + 12 + 2, 4*t + w*d = -4. Let b be r(t). What is the greatest common factor of 3 and b?
3
Let i = -1 + 3. Let z(a) = 3*a**2 + 5*a - 3. Let o be z(i). What is the highest common divisor of o and 57?
19
Let y be 2/6*(2 - -4). Suppose 1 = -w + y. Suppose v = -w + 7. Calculate the highest common divisor of v and 60.
6
Let i(j) = -j**2 + 7*j + 5. Let f be i(6). Suppose 0 = -4*g + 3*w + 258, 2*w + 0*w = 5*g - 326. Calculate the highest common divisor of g and f.
11
Suppose 0 = -3*c + 36 + 33. What is the greatest common factor of 115 and c?
23
Let a = -4 + 20. Let m(t) = t**3 + 8*t**2 + 6*t + 4. Let j be m(-6). Calculate the highest common divisor of a and j.
8
Let g = 52 + 71. Let d = 5 + g. Calculate the greatest common divisor of d and 16.
16
Let f be (3/6)/((-2)/(-36)). Calculate the highest common divisor of 9 and f.
9
Let o(r) = -3*r + 2. Let d(t) = -1. Let n(f) = -6*d(f) + o(f). Suppose -a + 16 = -3*a. Let c be n(a). Calculate the highest common divisor of 4 and c.
4
Suppose -5*x = -5*k, -2*k + 7*x - 3*x = 8. Calculate the greatest common factor of k and 2.
2
Let k = -16 + 19. Calculate the greatest common divisor of k and 3.
3
Suppose -601 = -6*h - 31. Let c(i) = -i**2 - 8*i + 3. Let p be c(-4). What is the highest common factor of h and p?
19
Let u(h) = 44*h**2 + 2*h + 4. Let i be u(-2). Calculate the greatest common divisor of i and 22.
22
Let x(j) = j**2 - 7*j + 1. Let a be x(5). Let o = 73 + a. What is the highest common divisor of 8 and o?
8
Let x be 2 - -101 - (0 + 1). Suppose -5*q = -3*q - x. Suppose -v + 5*v = -2*u + 58, 0 = -4*v + u + 73. What is the greatest common factor of q and v?
17
Suppose 3*a - 18 = a. What is the highest common factor of 1 and a?
1
Let t = 6 - 1. Let m = 1 - 4. Let o be (45/(-6))/(m/6). What is the greatest common divisor of o and t?
5
Let q = -4 + 9. Suppose -2*w - 64 = -3*t, 0 = q*t - 2*w - 2*w - 110. What is the highest common divisor of 2 and t?
2
Let p(u) = 2*u - 5. Suppose 5 = 2*w - n - 8, 3*n + 25 = 4*w. Let q be p(w). Let y be 4/(-30)*q*-5. Calculate the highest common factor of y and 6.
6
Let o = 8 + 1. Let i = -4 + 2. Let x be 3 - ((i - 1) + -75). What is the greatest common factor of o and x?
9
Suppose -2*v = 3*f - 334, v - 63 = f - 166. Calculate the highest common divisor of f and 12.
12
Suppose 3*u - 78 = -3*b, -b = -4*u + 14 + 75. What is the highest common factor of 207 and u?
23
Suppose -p = -6*p + 2*z - 1, -p = 5*z + 11. Let u be 2 + -1 - p - -7. What is the highest common divisor of 63 and u?
9
Let y = 133 + -70. Let z = 23 + 7. Suppose -z = -4*o - 2. What is the highest common factor of o and y?
7
Let a(o) = -o**3 - 3*o**2 - 4*o + 1. Let c be a(-3). Suppose -9*y - 1976 = -28*y. What is the greatest common divisor of c and y?
13
Suppose v + 197 = 4*z, -5*z + 8*v = 3*v - 265. Suppose -2*h + 12 + 12 = -3*k, -2*k + z = 4*h. Calculate the greatest common divisor of 24 and h.
12
Let b = -7 + 9. Suppose 0 = -d + 1, b*u - 3*d + 50 = 3*u. Suppose -2*y + 13 + 6 = p, -4*y = -p - u. Calculate the highest common divisor of 22 and y.
11
Suppose -2*j = -8, b - 2*j + 3 = 1. Let i be ((-8)/6)/(b/(-153)). Calculate the greatest common divisor of i and 85.
17
Let n be 4/(-18) + 1956/54. Cal